test common divisor of 1500 and 69385?
5
Calculate the highest common divisor of 666900 and 38133.
171
What is the highest common factor of 4033263422 and 9013?
9013
What is the greatest common divisor of 170388 and 298363587?
14199
What is the highest common factor of 46436 and 6916?
988
What is the highest common divisor of 71139 and 1197265?
23
What is the highest common factor of 18068862 and 28?
14
What is the highest common divisor of 70 and 151811625?
35
What is the highest common factor of 574716 and 2857276?
4076
Calculate the highest common factor of 378890008 and 168.
56
Calculate the highest common factor of 2400845 and 10.
5
Calculate the highest common factor of 660 and 709035.
15
What is the greatest common divisor of 34336 and 646464?
1184
What is the highest common divisor of 6 and 14663868?
6
Calculate the greatest common divisor of 4014253 and 78659.
661
Calculate the highest common divisor of 73744530 and 1830.
30
What is the highest common divisor of 20804004 and 4?
4
What is the greatest common factor of 9146631 and 39?
39
What is the highest common divisor of 9836 and 78729803?
2459
What is the highest common factor of 18 and 1565092602?
18
Calculate the highest common factor of 12756 and 7836.
12
What is the highest common divisor of 116 and 5658973?
29
Calculate the highest common factor of 1329 and 27663.
3
Calculate the greatest common divisor of 20761 and 196469.
13
Calculate the greatest common factor of 6695 and 1529138.
1339
Calculate the greatest common divisor of 57 and 64751829.
57
Calculate the greatest common divisor of 72965847 and 31.
31
What is the highest common factor of 23783748 and 4278?
138
What is the greatest common factor of 3296 and 43345696?
3296
What is the highest common divisor of 8 and 2034561576?
8
What is the greatest common factor of 980105 and 7513?
683
Calculate the highest common factor of 168895381 and 951.
317
Calculate the highest common divisor of 2482227 and 3069.
99
Calculate the highest common factor of 548 and 65960.
4
Calculate the highest common divisor of 5207 and 4781677.
127
Calculate the greatest common factor of 11718 and 1267854.
42
What is the greatest common divisor of 3731176 and 88768?
584
Calculate the highest common divisor of 3995848 and 32.
8
Calculate the greatest common factor of 23443 and 1573061.
119
Calculate the greatest common divisor of 2921787 and 28314.
1089
What is the highest common divisor of 403 and 4387182?
31
What is the greatest common divisor of 6909 and 146307?
21
What is the highest common divisor of 852123233 and 1898?
949
What is the highest common divisor of 288524 and 1292?
68
What is the highest common divisor of 9361008 and 232767?
6291
Calculate the highest common factor of 435033 and 2.
1
What is the greatest common divisor of 9000 and 220776?
24
What is the highest common divisor of 7710 and 229950?
30
Calculate the greatest common factor of 34701 and 5715990.
129
Calculate the highest common divisor of 251842316 and 88.
44
What is the greatest common divisor of 6823 and 98?
1
What is the highest common divisor of 90862 and 204314?
502
What is the highest common factor of 10179744 and 8?
8
Calculate the highest common divisor of 1269 and 729837.
27
What is the highest common divisor of 253896 and 38940852?
1788
Calculate the highest common divisor of 976 and 557967.
61
Calculate the greatest common factor of 5884033 and 4592.
41
Calculate the greatest common divisor of 2273338 and 2.
2
Calculate the greatest common divisor of 23506 and 1864128.
1022
What is the highest common divisor of 172424722 and 1712?
214
Calculate the highest common factor of 403320 and 13200.
120
What is the highest common factor of 1756326179 and 4231?
4231
Calculate the greatest common factor of 48 and 88982448.
48
Calculate the greatest common factor of 693803173 and 3171.
1057
What is the greatest common divisor of 899310 and 510?
30
Calculate the highest common factor of 1780 and 718285180.
1780
Calculate the greatest common divisor of 3484 and 721708.
52
What is the highest common factor of 260 and 38419355?
65
What is the highest common factor of 7533 and 17706735?
837
Calculate the greatest common divisor of 143839033 and 299.
299
What is the highest common divisor of 22368064 and 122344?
2984
Calculate the highest common divisor of 53578435 and 65087.
5917
Calculate the greatest common divisor of 1981437 and 77963.
1471
What is the greatest common factor of 24 and 195774?
6
Calculate the greatest common factor of 57575889 and 1904.
119
What is the highest common factor of 1190546 and 11007178?
4298
Calculate the highest common divisor of 203610330 and 17787.
2541
Calculate the highest common factor of 1008389325 and 906.
453
Calculate the highest common factor of 218760 and 293340.
60
What is the greatest common divisor of 92808 and 9216?
72
What is the greatest common factor of 4107 and 197534379?
4107
What is the greatest common divisor of 1176 and 38214708?
588
Calculate the highest common factor of 2189 and 6228501.
199
What is the highest common divisor of 2 and 845183?
1
Calculate the greatest common factor of 6760 and 5865652.
676
Calculate the highest common factor of 197 and 16085050.
197
What is the greatest common divisor of 336070 and 1939?
7
What is the greatest common divisor of 26 and 905801?
13
Calculate the highest common divisor of 1930571477 and 563.
563
Calculate the highest common divisor of 706173890 and 1580.
790
What is the greatest common divisor of 4478239 and 4949?
101
Calculate the greatest common factor of 4264212 and 1258.
34
Calculate the highest common divisor of 5669208 and 8.
8
Calculate the greatest common divisor of 1469787 and 627.
33
Calculate the highest common factor of 2889774 and 71262.
666
What is the highest common divisor of 43036 and 14123?
29
What is the highest common factor of 4544 and 1311086?
142
What is the highest common divisor of 4346 and 9686810?
106
What is the highest common factor of 172 and 1717506?
86
What is the greatest common factor of 5811283 and 551?
19
What is the greatest common divisor of 444 and 1054796?
148
Calculate the greatest common divisor of 262793391 and 357.
21
What is the highest common factor of 13657 and 7205043?
1951
Calculate the greatest common divisor of 28004328 and 228.
228
What is the greatest common factor of 270246 and 1884318?
3702
What is the greatest common factor of 1053 and 135530577?
1053
What is the greatest common divisor of 44637427 and 527?
527
Calculate the highest common factor of 79 and 120790447.
79
What is the highest common divisor of 358749 and 9693?
27
Calculate the highest common divisor of 3397464 and 288.
72
Calculate the greatest common divisor of 3464574 and 33858.
114
What is the highest common divisor of 32656 and 3773809?
2041
Calculate the highest common factor of 18802 and 15200074.
2686
What is the greatest common factor of 27860 and 890?
10
What is the highest common factor of 6 and 382758?
6
What is the greatest common factor of 2808 and 8226738?
702
What is the greatest common factor of 1626113 and 1857?
619
Calculate the greatest common factor of 22576116 and 132.
12
What is the highest common factor of 196 and 2817553018?
98
What is the greatest common factor of 127521090 and 37150?
7430
Calculate the highest common factor of 120 and 364890.
30
Calculate the greatest common divisor of 317417 and 365117.
53
What is the greatest common divisor of 357 and 488187?
21
What is the highest common factor of 352 and 345173216?
32
What is the highest common factor of 26 and 159371888?
26
Calculate the greatest common divisor of 1166 and 4663318.
22
Calculate the highest common divisor of 560 and 3530.
10
What is the highest common divisor of 1157216902 and 3188?
1594
Calculate the highest common factor of 771685893 and 1539.
513
What is the highest common factor of 17519796 and 556332?
3108
Calculate the greatest common divisor of 286 and 13218062.
286
What is the greatest common factor of 191718 and 762?
6
Calculate the greatest common factor of 182892 and 77316.
12
What is the highest common divisor of 151355578 and 341?
341
What is the greatest common factor of 41008692 and 48?
12
Calculate the greatest common divisor of 10 and 18